165733303?
3
What is the hundreds digit of 6600159211?
2
What is the ten thousands digit of 7985784?
8
What is the thousands digit of 32662970?
2
What is the hundreds digit of 74748085?
0
What is the billions digit of 1545438654?
1
What is the ten millions digit of 1741643250?
4
What is the thousands digit of 769289285?
9
What is the hundred thousands digit of 2558555796?
5
What is the ten thousands digit of 18525157?
2
What is the hundreds digit of 115387517?
5
What is the units digit of 59693838?
8
What is the billions digit of 3221328808?
3
What is the units digit of 5858656?
6
What is the units digit of 3531523246?
6
What is the hundred millions digit of 661375138?
6
What is the units digit of 40049636?
6
What is the thousands digit of 2391383214?
3
What is the ten thousands digit of 1953663986?
6
What is the hundred thousands digit of 8745806?
7
What is the thousands digit of 134345731?
5
What is the tens digit of 50700028?
2
What is the tens digit of 177733372?
7
What is the units digit of 402684403?
3
What is the thousands digit of 45874993?
4
What is the ten millions digit of 592517633?
9
What is the ten millions digit of 61978855?
6
What is the thousands digit of 392212269?
2
What is the ten thousands digit of 1182715480?
1
What is the hundred thousands digit of 74107306?
1
What is the hundreds digit of 99589332?
3
What is the ten millions digit of 115875717?
1
What is the hundred millions digit of 169671816?
1
What is the hundred thousands digit of 33193108?
1
What is the hundreds digit of 587908129?
1
What is the units digit of 878100?
0
What is the ten millions digit of 43774710?
4
What is the hundred thousands digit of 1004254040?
2
What is the ten millions digit of 76579668?
7
What is the hundreds digit of 104681374?
3
What is the hundred thousands digit of 234607099?
6
What is the millions digit of 615207646?
5
What is the units digit of 4932916976?
6
What is the thousands digit of 216825169?
5
What is the hundred thousands digit of 387628775?
6
What is the billions digit of 4207510218?
4
What is the hundreds digit of 357472312?
3
What is the thousands digit of 157233624?
3
What is the millions digit of 2713233?
2
What is the tens digit of 346473678?
7
What is the hundreds digit of 1475452030?
0
What is the hundreds digit of 1096665627?
6
What is the ten millions digit of 459156075?
5
What is the hundred millions digit of 671322275?
6
What is the thousands digit of 129968464?
8
What is the thousands digit of 106880704?
0
What is the tens digit of 51249881?
8
What is the ten thousands digit of 410126828?
2
What is the units digit of 2514377842?
2
What is the ten thousands digit of 546333183?
3
What is the hundred thousands digit of 14271553?
2
What is the thousands digit of 28429552?
9
What is the millions digit of 67081247?
7
What is the ten millions digit of 927382133?
2
What is the hundred millions digit of 755630401?
7
What is the hundreds digit of 140531337?
3
What is the thousands digit of 5345303658?
3
What is the ten millions digit of 76605677?
7
What is the hundred thousands digit of 34193892?
1
What is the ten millions digit of 1966765753?
6
What is the units digit of 5042399740?
0
What is the hundred millions digit of 1226722676?
2
What is the tens digit of 1297967?
6
What is the thousands digit of 77722119?
2
What is the ten millions digit of 38404452?
3
What is the millions digit of 831586226?
1
What is the thousands digit of 155128977?
8
What is the hundreds digit of 23939767?
7
What is the billions digit of 2002073553?
2
What is the thousands digit of 1092044449?
4
What is the units digit of 39599603?
3
What is the ten millions digit of 34100901?
3
What is the tens digit of 3162254256?
5
What is the units digit of 165744421?
1
What is the ten thousands digit of 5276237576?
3
What is the units digit of 88462433?
3
What is the thousands digit of 83438444?
8
What is the ten thousands digit of 43122561?
2
What is the ten millions digit of 564502407?
6
What is the millions digit of 64514392?
4
What is the units digit of 5403020?
0
What is the hundreds digit of 7956913?
9
What is the tens digit of 438365765?
6
What is the thousands digit of 3240998357?
8
What is the thousands digit of 3800910?
0
What is the thousands digit of 1975366585?
6
What is the tens digit of 48333590?
9
What is the millions digit of 225567471?
5
What is the billions digit of 3702576571?
3
What is the millions digit of 4636492795?
6
What is the millions digit of 725951780?
5
What is the units digit of 33431729?
9
What is the tens digit of 68612758?
5
What is the ten thousands digit of 175489072?
8
What is the tens digit of 1077616232?
3
What is the thousands digit of 22852684?
2
What is the thousands digit of 1045678611?
8
What is the thousands digit of 22262217?
2
What is the thousands digit of 6320428?
0
What is the ten millions digit of 2348974934?
4
What is the millions digit of 3832492285?
2
What is the thousands digit of 50182615?
2
What is the hundreds digit of 1036021419?
4
What is the ten millions digit of 621696441?
2
What is the thousands digit of 29278381?
8
What is the hundred thousands digit of 277622420?
6
What is the ten thousands digit of 6636405?
3
What is the tens digit of 4089867?
6
What is the millions digit of 53668803?
3
What is the ten millions digit of 1062713294?
6
What is the ten thousands digit of 25141690?
4
What is the hundreds digit of 1027900617?
6
What is the tens digit of 1576034610?
1
What is the hundred millions digit of 156661327?
1
What is the hundreds digit of 3784984883?
8
What is the ten thousands digit of 282485760?
8
What is the hundred thousands digit of 31676345?
6
What is the tens digit of 145713692?
9
What is the tens digit of 918056552?
5
What is the hundreds digit of 45206720?
7
What is the hundred millions digit of 124068834?
1
What is the hundred thousands digit of 1795383128?
3
What is the units digit of 153466388?
8
What is the thousands digit of 1263686929?
6
What is the ten millions digit of 3519605672?
1
What is the thousands digit of 981680209?
0
What is the millions digit of 1891500433?
1
What is the hundred thousands digit of 10819939?
8
What is the hundred thousands digit of 35007425?
0
What is the billions digit of 1461073696?
1
What is the thousands digit of 116169644?
9
What is the hundreds digit of 691903883?
8
What is the millions digit of 588448826?
8
What is the thousands digit of 200286400?
6
What is the ten millions digit of 38026389?
3
What is the units digit of 688762587?
7
What is the ten millions digit of 78077870?
7
What is the hundred thousands digit of 29452544?
4
What is the ten thousands digit of 862343892?
4
What is the ten thousands digit of 6248893297?
9
What is the thousands digit of 91331427?
1
What is the ten thousands digit of 114771975?
7
What is the millions digit of 11116453?
1
What is the ten millions digit of 3130286948?
3
What is the ten thousands digit of 52815331?
1
What is the hundreds digit of 349348893?
8
What is the tens digit of 310844415?
1
What is the thousands digit of 56712588?
2
What is the hundreds digit of 495796052?
0
What is the tens digit of 5710911566?
6
What is the hundred thousands digit of 369451170?
4
What is the ten thousands digit of 3080572487?
7
What is the ten millions digit of 1314275343?
1
What is the ten thousands digit of 561309668?
0
What is the thousands digit of 272920170?
0
What is the millions digit of 235554937?
5
What is the ten thousands digit of 120286824?
8
What is the millions digit of 30677571?
0
What is the hundreds digit of 2432208989?
9
What is the hundred millions digit of 160147834?
1
What is the hundreds digit of 136969644?
6
What is the hundreds digit of 937565276?
2
What is the units digit of 825267014?
4
What is the units digit of 2670214684?
4
What is the ten thousands digit of 43883086?
8
What is the ten thousands digit of 111955304?
5
What is the hundred thousands digit of 71995269?
9
What is the thousands digit of 1054758609?
8
What is the units digit of 57227371?
1
What is the thousands digit of 898365138?
5
What is the ten millions digit of 81589319?
8
What is the hundred millions digit of 782713301?
7
What is the units digit of 1366936849?
9
What is the hundred thousands digit of 149111250?
1
Wha